t is the highest common factor of 3007 and 1733093471?
3007
Calculate the highest common factor of 142061754 and 1518.
138
Calculate the highest common factor of 60049 and 513043.
103
What is the greatest common factor of 54 and 1640646738?
54
What is the highest common factor of 5831043 and 969?
57
Calculate the highest common factor of 175 and 6363925.
25
What is the highest common divisor of 4874324 and 409382?
3826
Calculate the greatest common divisor of 13895243 and 1587.
529
What is the greatest common divisor of 2002720 and 16?
16
Calculate the highest common divisor of 11178 and 11596554.
1242
What is the greatest common factor of 2557706417 and 203?
203
What is the highest common factor of 264904896 and 36?
12
Calculate the greatest common divisor of 5859 and 1098144.
837
Calculate the greatest common divisor of 284267579 and 2298.
383
What is the greatest common divisor of 68464 and 19184?
176
What is the highest common divisor of 844048183 and 11902?
5951
Calculate the highest common divisor of 917775 and 37125.
225
What is the highest common factor of 464665 and 239795?
995
What is the greatest common factor of 96008325 and 147?
21
Calculate the highest common factor of 31278 and 1953432.
78
What is the greatest common factor of 40 and 94661720?
40
What is the greatest common divisor of 9076380 and 96?
12
Calculate the highest common factor of 15420 and 128456310.
7710
Calculate the highest common divisor of 64075 and 248225.
25
What is the greatest common factor of 156306 and 6?
6
Calculate the highest common divisor of 1256906 and 378.
14
Calculate the greatest common factor of 264 and 156789600.
264
What is the greatest common divisor of 30 and 45634494?
6
Calculate the greatest common factor of 9097282 and 184.
46
Calculate the greatest common divisor of 194194 and 231374.
286
Calculate the highest common factor of 4141 and 70533653.
4141
What is the greatest common divisor of 119 and 684103?
7
Calculate the greatest common divisor of 58159481 and 797.
797
Calculate the highest common divisor of 87454556 and 276.
92
Calculate the greatest common factor of 23232 and 168320.
64
Calculate the greatest common factor of 418165568 and 7508.
7508
Calculate the greatest common factor of 87 and 1048927680.
87
What is the greatest common factor of 6656 and 9587536?
16
What is the greatest common factor of 6 and 988204506?
6
Calculate the greatest common divisor of 217626115 and 1610.
805
Calculate the greatest common divisor of 25610 and 4043390.
130
What is the greatest common factor of 4068 and 2120332?
452
Calculate the highest common divisor of 17592 and 7932.
12
What is the highest common factor of 58717399 and 113?
113
What is the greatest common factor of 11319 and 2639483?
539
Calculate the greatest common divisor of 1312 and 28483192.
328
Calculate the highest common factor of 114464 and 29910874.
7154
Calculate the greatest common divisor of 17379900 and 57564.
4428
Calculate the highest common divisor of 2432 and 8841764.
76
What is the greatest common factor of 13724 and 72662?
94
Calculate the greatest common divisor of 2934771 and 21777.
1281
Calculate the highest common divisor of 417 and 5796717.
417
Calculate the greatest common divisor of 780 and 251195490.
390
Calculate the highest common factor of 56406 and 127806.
714
Calculate the highest common factor of 858 and 870408.
66
Calculate the greatest common divisor of 373056 and 667.
29
What is the highest common divisor of 234119 and 52633?
103
What is the greatest common factor of 19257 and 207730761?
2751
Calculate the greatest common divisor of 192 and 7373436.
12
Calculate the greatest common factor of 2444970 and 825.
165
What is the highest common divisor of 4724071 and 1121?
59
What is the greatest common divisor of 758 and 407470101?
379
What is the greatest common divisor of 499592 and 68162?
394
What is the highest common factor of 1495095 and 23065?
35
Calculate the greatest common divisor of 2465 and 44515.
145
Calculate the highest common factor of 2042 and 51703440.
2042
Calculate the highest common divisor of 1688 and 4042127.
211
Calculate the highest common factor of 102940782 and 84.
42
What is the highest common factor of 31 and 48190?
1
What is the highest common factor of 238 and 2679778?
34
What is the highest common factor of 120 and 32779380?
60
Calculate the greatest common divisor of 110140 and 1200.
20
What is the highest common divisor of 67584 and 596508?
132
Calculate the highest common divisor of 4134727 and 7.
1
Calculate the greatest common divisor of 3220147 and 4921.
259
What is the highest common divisor of 124192 and 2592?
32
Calculate the highest common factor of 13525 and 47827105.
2705
What is the greatest common divisor of 327 and 602799?
3
What is the highest common factor of 8784 and 6194367?
549
What is the highest common factor of 817986030 and 46?
46
Calculate the highest common factor of 38439450 and 630.
630
Calculate the greatest common divisor of 99391015 and 283.
283
Calculate the greatest common factor of 936 and 796248.
72
Calculate the highest common divisor of 3971 and 3158199.
209
What is the greatest common factor of 3251081 and 356?
89
What is the greatest common divisor of 2190254 and 2332?
22
Calculate the highest common factor of 56874 and 259.
1
Calculate the greatest common factor of 1320 and 6677319.
33
Calculate the greatest common divisor of 5920 and 10912.
32
What is the highest common factor of 42848221 and 689?
689
Calculate the highest common divisor of 438741 and 1119951.
261
What is the greatest common divisor of 11440 and 736216?
104
Calculate the highest common divisor of 37695 and 61824.
21
Calculate the greatest common divisor of 151 and 25745047.
151
Calculate the highest common divisor of 91735532 and 3898.
3898
What is the highest common divisor of 2680 and 669920?
40
Calculate the highest common factor of 36657145 and 314.
157
What is the greatest common divisor of 99 and 16303727?
11
What is the highest common factor of 19899990 and 18810?
990
What is the greatest common divisor of 75249220 and 640?
20
Calculate the greatest common divisor of 61779 and 2571.
3
What is the highest common factor of 20392680 and 10824?
264
What is the highest common factor of 1 and 969551?
1
Calculate the highest common divisor of 214 and 19231538.
214
What is the greatest common divisor of 204 and 8987526?
102
Calculate the greatest common divisor of 2175357 and 69.
3
What is the highest common divisor of 8648886 and 16?
2
What is the greatest common divisor of 44515 and 14645?
145
What is the highest common divisor of 939807 and 16335?
1089
Calculate the greatest common divisor of 2 and 710778736.
2
Calculate the greatest common factor of 440 and 10485970.
110
What is the greatest common factor of 1007327 and 5402?
73
What is the greatest common factor of 16950990 and 73670?
530
Calculate the greatest common divisor of 58527429 and 387.
129
Calculate the highest common factor of 23301 and 10443163.
863
What is the greatest common factor of 73098 and 1901727?
1179
What is the greatest common divisor of 534 and 10386834?
534
Calculate the highest common factor of 305599542 and 6.
6
What is the highest common divisor of 821124 and 28080?
108
What is the greatest common divisor of 132325 and 33500?
1675
What is the highest common divisor of 57543825 and 6213?
327
What is the highest common divisor of 1791024 and 552?
24
What is the highest common factor of 149226 and 11335362?
1938
What is the highest common divisor of 5910 and 248870691?
591
What is the greatest common factor of 647901 and 456552?
3357
What is the greatest common divisor of 950 and 79650950?
50
Calculate the highest common divisor of 16 and 612486232.
8
What is the highest common factor of 21862 and 131410?
34
Calculate the greatest common factor of 54932524 and 4.
4
Calculate the highest common divisor of 189904139 and 42936.
1789
Calculate the greatest common factor of 103499 and 25.
1
What is the highest common factor of 120 and 35018952?
24
Calculate the greatest common divisor of 30846 and 584328.
582
Calculate the greatest common divisor of 832106 and 128.
2
What is the highest common divisor of 38657272 and 944?
472
What is the hi